est common divisor of y and i.
8
Let d(v) = 9*v - 9. Let m(h) = 1. Let b(l) = -d(l) - 6*m(l). Let a be 2 + 2 - (1 - -6). Let w be b(a). Calculate the highest common divisor of 30 and w.
30
Let k be -5*4*-1 - -1. Let c(b) = -b**2 - b + 111. Let v be c(9). What is the greatest common divisor of v and k?
21
Let v(d) = d**3 + 22*d**2 - 25*d - 56. Let x be v(-23). Let n = 70 + x. Calculate the greatest common divisor of n and 150.
30
Let h(n) be the second derivative of 31*n**4/12 - n**3/6 - 9*n. Let z be h(1). Calculate the greatest common divisor of 10 and z.
10
Let d(s) = 23*s - 373. Let l be d(20). What is the greatest common factor of 1276 and l?
29
Suppose 2*j - 4 = 8. Let l(u) = 4*u - 16. Let t be l(j). Let o = 16 - t. What is the highest common divisor of o and 72?
8
Suppose 7*b + 226 = 2. Let f = b + -1. Let y be 1*(-1 - 0) - f. Calculate the highest common divisor of y and 160.
32
Let l be 5/(-20) - (-3172)/16. What is the greatest common factor of 44 and l?
22
Suppose 33*w - 660 = -0*w. Let i(c) = 10*c. Let z be i(6). What is the highest common factor of z and w?
20
Let g = 2155 - 1583. What is the greatest common factor of 78 and g?
26
Let c be (-1156688)/(-364) + (-3)/(63/(-6)). Calculate the greatest common divisor of 14 and c.
14
Suppose -53 = 4*g + 7. Let f = 15 + g. Suppose f = 4*l - l - 114. What is the highest common divisor of l and 57?
19
Let r be (-1)/(-3)*(4 - 1). Let j be -5 + r - -8 - -29. Calculate the highest common divisor of 363 and j.
33
Let v = 44 + -24. Let a = 529 - 519. What is the highest common factor of a and v?
10
Let n be 0 - (6 + 2)*-1. Suppose 3*r - 2*k - n = 3, -2*k - 3 = 5*r. Let t be r/(-1 - 84/(-80)). What is the highest common divisor of 40 and t?
20
Suppose -4*f = -4*k + 60, 11*k = 6*k + f + 75. Calculate the highest common factor of k and 105.
15
Suppose -13 = -2*r + 1. Suppose 2*c = r*c. Suppose -2*j + 180 = -c*j. What is the highest common divisor of 10 and j?
10
Let h be (-76)/(-18) - (34/(-9) - -4). Let n be 30 + -3 + 0 + h/(-4). What is the greatest common divisor of 130 and n?
26
Let c be 1 - (-5)/(-10)*-4. Let k be c - 1 - 2 - 16*-4. What is the greatest common factor of 8 and k?
8
Suppose -3*g + 25 = 2*g. Let d = g + 55. What is the highest common factor of d and 15?
15
Let g be 1*(-2 - -3) + -3. Let s(m) = -69*m + 5. Let c be s(g). Calculate the greatest common divisor of c and 13.
13
Let r be (-13056)/(-240) - (4/10 - 0). Calculate the greatest common factor of r and 27.
27
Let g(i) = -i**2 + 16*i + 74. Let a be g(19). Calculate the greatest common divisor of a and 34.
17
Let x be ((-7)/(-6)*3)/(10/260). What is the highest common divisor of 28 and x?
7
Suppose -q = -8 - 9. Suppose v - 12 = 2*m, 4*v + m + 4*m + q = 0. Calculate the greatest common factor of 18 and v.
2
Let k = 543 - 490. What is the highest common divisor of 318 and k?
53
Let n(i) be the third derivative of -i**6/120 + i**5/30 + 5*i**4/24 - 5*i**3/6 - 11*i**2. Let d be n(2). What is the highest common factor of d and 20?
5
Let p be 1*2 - (0 + 70). Suppose -f = -5*f + 4*d + 416, -f + 96 = -3*d. Let r = p + f. Calculate the highest common divisor of 4 and r.
4
Let k = -449 + 633. Suppose -76 + k = 6*s. Calculate the highest common factor of 18 and s.
18
Suppose 20*l = 19*l + 2. Suppose -4*y + 82 = -l*c, 3*y + 0*y + 3*c = 57. What is the greatest common divisor of y and 10?
10
Suppose 54 - 30 = 24*p. Calculate the greatest common factor of p and 37.
1
Suppose -3*s = -8*s + 90. Calculate the highest common factor of s and 6.
6
Suppose 109*b - 4*a = 105*b + 32, -4*a + 20 = 0. What is the greatest common divisor of b and 3159?
13
Suppose 16*s - 13*s = -9, 3*c + s = 2826. Calculate the greatest common factor of 41 and c.
41
Let g(f) = 131*f + 1. Let y be g(-1). Let z be (y/20)/((-2)/8). Let a = -16 + z. Calculate the greatest common divisor of a and 10.
10
Let h(z) = -8*z**3 + z - 2. Let g be h(-2). Suppose -b = 23*p - 18*p - 122, 76 = 3*p + 2*b. Calculate the highest common factor of p and g.
12
Let d be 0 - (-145 + (1 - 0)). Suppose 17 = 4*n + 1. Suppose -2*c - h + 36 = 0, -n*h = -0*c - 3*c + 32. What is the highest common divisor of d and c?
16
Let c(z) = -4*z - 7. Let v be c(-3). Suppose v*s = s + 28. Let w(h) = -h**3 + 8*h**2 - 5*h - 1. Let d be w(s). Calculate the highest common factor of 143 and d.
13
Let k(i) = -i**3 + 5*i**2 - 10*i. Let o be k(-8). Let u be o/66 + (-2)/(-11). Let w = -6 + u. What is the highest common divisor of 64 and w?
8
Suppose -w = -2*r + 4*w + 74, -w + 44 = r. Let x = -169 - -631. What is the greatest common factor of r and x?
42
Let z = -866 + 1307. Calculate the highest common divisor of z and 49.
49
Let x = 1496 - 1475. Calculate the greatest common factor of 903 and x.
21
Suppose -3*c = -10*c + 63. Let t = -4 + 7. Suppose -3 = 2*n - t*h - 12, -n = 5*h - 24. Calculate the highest common divisor of c and n.
9
Let b be (-40)/(-18) - (-2)/(-9). Let w be (184/28 - 4) + (-8)/14. Suppose -w*v - b*v = -48. Calculate the highest common divisor of 12 and v.
12
Let i(n) = 6*n**2 - 27*n - 108. Let t be i(-6). What is the highest common divisor of 40 and t?
10
Let k(q) = 19*q + 7. Let i be k(6). Suppose 2*h + 126 = l - 43, -4*l + 3*h + 676 = 0. Let c = l - i. What is the greatest common divisor of 24 and c?
24
Let g be ((-28)/5)/(6/(-45)). Let p = -2 + g. Suppose -3 = r - 11. Calculate the highest common factor of p and r.
8
Let m = -2 + -5. Let y(n) = n**2 + 6*n - 6. Let d be y(m). Let g = 62 + d. Calculate the greatest common divisor of g and 7.
7
Suppose 0 = 5*x + 1641 - 41. Let d be x/(-55) + (-2)/(-11). Let r = 19 - d. Calculate the highest common divisor of 117 and r.
13
Suppose -4*j = 3*f - 150, -3*j = -8*j - 2*f + 191. What is the highest common divisor of 3 and j?
3
Suppose 64 = 6*b + 16. Suppose b = 3*m - 16. Calculate the highest common divisor of m and 24.
8
Let s = 1081 - 15. Calculate the greatest common factor of s and 164.
82
Suppose 9 = 8*a - 47. Calculate the highest common divisor of a and 4.
1
Let u = 5 + -1. Suppose -u*t = 2*g - 3*t - 221, -113 = -g - 3*t. Suppose -g = -3*k + 82. Calculate the highest common divisor of 8 and k.
8
Suppose 3*c - 69 = -3*j, 3*j = 5*c - 6*c + 67. What is the greatest common divisor of 143 and j?
11
Let l(k) = -11*k**2 - 3*k - 4. Let w be l(-1). Suppose 9*v - 4*v - 100 = 0. Let q = v + w. Calculate the greatest common divisor of q and 20.
4
Let b be 99/6*(-1 + (-4 - -31)). Calculate the greatest common divisor of 78 and b.
39
Let w(v) = v**2 - 11*v + 48. Let l = -30 - -36. Let r be w(l). What is the highest common factor of r and 12?
6
Suppose 16*n - 44 = 12*n. Let l(c) = -c**2 + 3. Let i be l(3). Let t = i - -17. What is the greatest common factor of t and n?
11
Suppose -2 + 1 = -x, 2*g - 5*x = 435. Let y = 1000 - 980. What is the greatest common factor of y and g?
20
Let i = -132 + 139. Suppose -2*w + 3*v - 23 = 0, -w + 5*v + 8 - 37 = 0. Let f be ((-4)/(-1))/w + 50. What is the greatest common factor of i and f?
7
Let j = 7 + 9. Let o be -2 + (0 - j)/(-2). Suppose 0 = o*b - b - 250. What is the greatest common divisor of 20 and b?
10
Suppose 173*f - 539 - 2921 = 0. Calculate the greatest common divisor of f and 160.
20
Let m = 632 - 568. What is the highest common divisor of 48 and m?
16
Suppose 0 = 2*r - 16 + 2. Suppose 19 + 9 = 4*w. Calculate the greatest common divisor of r and w.
7
Let p = -20 - -411. Calculate the greatest common factor of 17 and p.
17
Suppose -3 - 3 = -3*q. Let s be 15/q*(-1 - -3). Let z(j) = 9*j**2 - j - 5. Let i be z(4). Calculate the highest common divisor of s and i.
15
Let f(t) = -t**3 + 8*t**2 + 5*t + 40. Let w be f(9). Let y be (-1*22)/(2/4). Let i = w - y. Calculate the highest common divisor of 6 and i.
6
Let l be 1/3*0 - 2. Let t be (434/(-4))/7*l. Suppose -3*x + 23 = -t. Calculate the highest common factor of x and 6.
6
Let d(l) = -44*l - 3. Let s be d(-2). Suppose -5*x = -n + 5*n - 340, 3*n = 0. Suppose -45*y = -41*y - x. What is the greatest common factor of s and y?
17
Let q(h) be the second derivative of h**4/12 - h**2 - 4*h. Let j be q(-2). Suppose 0 = 4*k - j*k - 80. Calculate the highest common divisor of k and 5.
5
Let b(w) = 11*w + 4 - 11*w + 5*w**2 - 2*w. Let r be b(-2). Let h be 44/10 - 2/5. What is the great